{"id":2941,"date":"2025-02-10T02:08:38","date_gmt":"2025-02-09T18:08:38","guid":{"rendered":"https:\/\/lydenim.com\/?post_type=product&#038;p=2941"},"modified":"2025-02-10T02:08:39","modified_gmt":"2025-02-09T18:08:39","slug":"jacquard-fabric-7996","status":"publish","type":"product","link":"https:\/\/lydenim.com\/es\/producto\/tejido-jacquard-7996\/","title":{"rendered":"Proveedor chino de tejido jacquard personalizado con dise\u00f1o de rosas certificado 7996"},"content":{"rendered":"<ul>\n<li>\n<h3><strong>Modelo: 7996<\/strong><\/h3>\n<h4><strong>Tipo: <a href=\"https:\/\/lydenim.com\/es\/product-category\/non-elastic\/\">Tejido Jacquard<\/a>(Textura floral de rosa 3D)<\/strong><\/h4>\n<h3><strong>Material:<\/strong><\/h3>\n<p>\ud83d\udd39 <strong>Algod\u00f3n 80%<\/strong>\uff08<a href=\"https:\/\/en.wikipedia.org\/wiki\/Cotton\">Transpirable e hipoalerg\u00e9nico<\/a>\uff09<br \/>\n\ud83d\udd39 <strong>Poli\u00e9ster 20%<\/strong>\uff08<a href=\"https:\/\/en.wikipedia.org\/wiki\/Polyester\">Tecnolog\u00eda resistente a las arrugas<\/a>\uff09<\/p>\n<h3><strong>Proceso de dar un t\u00edtulo:<\/strong><\/h3>\n<p>\u2714 <a href=\"https:\/\/www.oeko-tex.com\/en\/\"><strong>Norma OEKO-TEX\u00ae 100<\/strong><\/a><\/p>\n<h3><strong>Opciones de color:<\/strong><\/h3>\n<p>\ud83c\udfa8 M\u00faltiples opciones<\/p>\n<h3><strong>Dimensiones:<\/strong><\/h3>\n<p>\ud83d\udccf <strong>Ancho:<\/strong> 180 cm (70,9 pulgadas) (personalizable)<br \/>\n\u2696 <strong>Peso:<\/strong> 430 g est\u00e1ndar (ajustable)<br \/>\n\ud83e\uddf5 <strong>Recuento de hilos:<\/strong> 7-40 s ajustable\uff08<a href=\"ttps:\/\/en.wikipedia.org\/wiki\/Yarn_count\">Gu\u00eda del sistema de hilados<\/a>\uff09<br \/>\n\ud83d\udcd0 <strong>Tama\u00f1o del patr\u00f3n:<\/strong> 9 \u00d7 6 cm (3,54 x 2,36 pulgadas) (Dise\u00f1o de proporci\u00f3n \u00e1urea)<\/p>\n<hr \/>\n<h2><strong>\ud83c\udf3f Ventajas competitivas<\/strong><\/h2>\n<h3>\u2705 <strong>Fabricaci\u00f3n sostenible<\/strong><\/h3>\n<p>\u2714 <strong>Alimentado por energ\u00eda solar<\/strong> f\u00e1bricas con <strong>Reciclaje de agua 90%<\/strong><br \/>\n\u2714 <strong>Cero riesgos qu\u00edmicos<\/strong>, verificado por <strong>OEKO-TEX\u00ae<\/strong><\/p>\n<h3>\u2705 <strong>Soluciones a medida<\/strong><\/h3>\n<p>\u2714 Soportes <strong>pedidos de peque\u00f1o volumen<\/strong> &amp; <strong>comunicaci\u00f3n de patrones personalizados<\/strong><br \/>\n\u2714 <strong>Protecci\u00f3n de la propiedad intelectual<\/strong> para dise\u00f1os originales<\/p>\n<h3>\u2705 <strong>Aplicaciones multi-escenario<\/strong><\/h3>\n<p>\ud83d\udc57 <strong>Moda:<\/strong> Vestidos, bufandas, forros<br \/>\n\ud83c\udfe1 <strong>Decoraci\u00f3n del hogar:<\/strong> Cortinas, Fundas de cojines<br \/>\n\ud83c\udfa8 <strong>Proyectos de arte:<\/strong> Instalaciones, Manualidades DIY<\/p>\n<h3>\u2705 <strong>Rendimiento superior<\/strong><\/h3>\n<p>\u2714 <strong>Mezcla de algod\u00f3n y poli\u00e9ster:<\/strong> Perfecto <strong>equilibrio entre comodidad y durabilidad<\/strong><br \/>\n\u2714 <strong>M\u00e1s de 100.000 ciclos de abrasi\u00f3n<\/strong> (<strong>Certificaci\u00f3n ASTM D4966<\/strong>)<\/p>\n<hr \/>\n<h2><strong>\ud83d\udce6 Producci\u00f3n y Log\u00edstica<\/strong><\/h2>\n<p>\ud83d\udccd <strong>Hecho en china<\/strong><br \/>\n\u2714 <strong>Tecnolog\u00eda de tejido impulsada por IA<\/strong> en <strong>Delta del r\u00edo Yangtze<\/strong><br \/>\n\u2714 <strong>Sistema de Gesti\u00f3n de Calidad ISO 9001<\/strong><\/p>\n<p>\u26a1 <strong>Entrega eficiente<\/strong><br \/>\n\ud83d\ude80 <strong>Muestreo:<\/strong> <strong>5 d\u00edas laborables<\/strong> (Sujeto a comunicaci\u00f3n)<br \/>\n\ud83d\ude9b <strong>Pedidos al por mayor:<\/strong> <strong>Env\u00edo a todo el mundo de 3 a 4 semanas<\/strong> (El tiempo final depende de la empresa log\u00edstica)<\/li>\n<\/ul>","protected":false},"excerpt":{"rendered":"<h2>Descripci\u00f3n del Producto:<\/h2>\n<h3>N\u00famero de modelo: 7996<br \/>\nTipo: Tejido Jacquard<br \/>\nComposici\u00f3n del material: C: 80% (algod\u00f3n), T: 20% (poli\u00e9ster)<br \/>\nColor: Personalizable en m\u00faltiples colores.<br \/>\nPatr\u00f3n: Dise\u00f1o floral de rosas<br \/>\nT\u00e9cnica: Tejido<br \/>\nAncho: 180 cm (70,9 pulgadas)<br \/>\nPeso: \u2014 (Personalizable, est\u00e1ndar 430 g)<br \/>\nRecuento de hilos: personalizable<br \/>\nEstilo: Estilo largo<br \/>\nTama\u00f1o del patr\u00f3n: Largo 9 cm (3,54 pulgadas), Ancho 6 cm (2,36 pulgadas)<br \/>\nUso: Adecuado para prendas, accesorios y dise\u00f1os personalizados.<br \/>\nAplicable a: Tanto mujeres como hombres<br \/>\nLugar de origen: China<br \/>\nTipo de suministro: Fabricaci\u00f3n bajo pedido<br \/>\nDatos del producto: Las medidas de muestra se basan en patrones espec\u00edficos y pueden variar seg\u00fan el lote de producci\u00f3n.<\/h3>","protected":false},"featured_media":2949,"template":"","meta":[],"product_brand":[],"product_cat":[41,48,49,42,50,43,45,38,46,39,40,47,35,20,30,33,44,37,34,58],"product_tag":[],"class_list":{"0":"post-2941","1":"product","2":"type-product","3":"status-publish","4":"has-post-thumbnail","6":"product_cat-10s","7":"product_cat-10s-oe","8":"product_cat-12s-oe","9":"product_cat-12s","10":"product_cat-16s-oe","11":"product_cat-16s","12":"product_cat-6s-oe","13":"product_cat-6s","14":"product_cat-7s-oe","15":"product_cat-7s","16":"product_cat-8s","17":"product_cat-8s-oe","18":"product_cat-aesthetic-collection","19":"product_cat-cotton-woven-fabric","20":"product_cat-cotton-polyster-spandex-denim-fabric","21":"product_cat-non-elastic","22":"product_cat-oe","23":"product_cat-siro","24":"product_cat-twill-fabric","25":"product_cat-ungrouped","27":"first","28":"instock","29":"shipping-taxable","30":"product-type-simple"},"aioseo_notices":[],"_links":{"self":[{"href":"https:\/\/lydenim.com\/es\/wp-json\/wp\/v2\/product\/2941","targetHints":{"allow":["GET"]}}],"collection":[{"href":"https:\/\/lydenim.com\/es\/wp-json\/wp\/v2\/product"}],"about":[{"href":"https:\/\/lydenim.com\/es\/wp-json\/wp\/v2\/types\/product"}],"version-history":[{"count":7,"href":"https:\/\/lydenim.com\/es\/wp-json\/wp\/v2\/product\/2941\/revisions"}],"predecessor-version":[{"id":2955,"href":"https:\/\/lydenim.com\/es\/wp-json\/wp\/v2\/product\/2941\/revisions\/2955"}],"wp:featuredmedia":[{"embeddable":true,"href":"https:\/\/lydenim.com\/es\/wp-json\/wp\/v2\/media\/2949"}],"wp:attachment":[{"href":"https:\/\/lydenim.com\/es\/wp-json\/wp\/v2\/media?parent=2941"}],"wp:term":[{"taxonomy":"product_brand","embeddable":true,"href":"https:\/\/lydenim.com\/es\/wp-json\/wp\/v2\/product_brand?post=2941"},{"taxonomy":"product_cat","embeddable":true,"href":"https:\/\/lydenim.com\/es\/wp-json\/wp\/v2\/product_cat?post=2941"},{"taxonomy":"product_tag","embeddable":true,"href":"https:\/\/lydenim.com\/es\/wp-json\/wp\/v2\/product_tag?post=2941"}],"curies":[{"name":"wp","href":"https:\/\/api.w.org\/{rel}","templated":true}]}}

Proveedor chino de tejido jacquard personalizado con diseño de rosas certificado 7996

<ul>
<li>
<h3><strong>Modelo: 7996</strong></h3>
<h4><strong>Tipo: <a href="https://lydenim.com/es/product-category/non-elastic/">Tejido Jacquard</a>(Textura floral de rosa 3D)</strong></h4>
<h3><strong>Material:</strong></h3>
<p>🔹 <strong>Algodón 80%</strong>（<a href="https://en.wikipedia.org/wiki/Cotton">Transpirable e hipoalergénico</a>）<br />
🔹 <strong>Poliéster 20%</strong>（<a href="https://en.wikipedia.org/wiki/Polyester">Tecnología resistente a las arrugas</a>）</p>
<h3><strong>Proceso de dar un título:</strong></h3>
<p>✔ <a href="https://www.oeko-tex.com/en/"><strong>Norma OEKO-TEX® 100</strong></a></p>
<h3><strong>Opciones de color:</strong></h3>
<p>🎨 Múltiples opciones</p>
<h3><strong>Dimensiones:</strong></h3>
<p>📏 <strong>Ancho:</strong> 180 cm (70,9 pulgadas) (personalizable)<br />
⚖ <strong>Peso:</strong> 430 g estándar (ajustable)<br />
🧵 <strong>Recuento de hilos:</strong> 7-40 s ajustable（<a href="ttps://en.wikipedia.org/wiki/Yarn_count">Guía del sistema de hilados</a>）<br />
📐 <strong>Tamaño del patrón:</strong> 9 × 6 cm (3,54 x 2,36 pulgadas) (Diseño de proporción áurea)</p>
<hr />
<h2><strong>🌿 Ventajas competitivas</strong></h2>
<h3>✅ <strong>Fabricación sostenible</strong></h3>
<p>✔ <strong>Alimentado por energía solar</strong> fábricas con <strong>Reciclaje de agua 90%</strong><br />
✔ <strong>Cero riesgos químicos</strong>, verificado por <strong>OEKO-TEX®</strong></p>
<h3>✅ <strong>Soluciones a medida</strong></h3>
<p>✔ Soportes <strong>pedidos de pequeño volumen</strong> &amp; <strong>comunicación de patrones personalizados</strong><br />
✔ <strong>Protección de la propiedad intelectual</strong> para diseños originales</p>
<h3>✅ <strong>Aplicaciones multi-escenario</strong></h3>
<p>👗 <strong>Moda:</strong> Vestidos, bufandas, forros<br />
🏡 <strong>Decoración del hogar:</strong> Cortinas, Fundas de cojines<br />
🎨 <strong>Proyectos de arte:</strong> Instalaciones, Manualidades DIY</p>
<h3>✅ <strong>Rendimiento superior</strong></h3>
<p>✔ <strong>Mezcla de algodón y poliéster:</strong> Perfecto <strong>equilibrio entre comodidad y durabilidad</strong><br />
✔ <strong>Más de 100.000 ciclos de abrasión</strong> (<strong>Certificación ASTM D4966</strong>)</p>
<hr />
<h2><strong>📦 Producción y Logística</strong></h2>
<p>📍 <strong>Hecho en china</strong><br />
✔ <strong>Tecnología de tejido impulsada por IA</strong> en <strong>Delta del río Yangtze</strong><br />
✔ <strong>Sistema de Gestión de Calidad ISO 9001</strong></p>
<p>⚡ <strong>Entrega eficiente</strong><br />
🚀 <strong>Muestreo:</strong> <strong>5 días laborables</strong> (Sujeto a comunicación)<br />
🚛 <strong>Pedidos al por mayor:</strong> <strong>Envío a todo el mundo de 3 a 4 semanas</strong> (El tiempo final depende de la empresa logística)</li>
</ul>

<h2>Descripción del Producto:</h2>
<h3>Número de modelo: 7996<br />
Tipo: Tejido Jacquard<br />
Composición del material: C: 80% (algodón), T: 20% (poliéster)<br />
Color: Personalizable en múltiples colores.<br />
Patrón: Diseño floral de rosas<br />
Técnica: Tejido<br />
Ancho: 180 cm (70,9 pulgadas)<br />
Peso: — (Personalizable, estándar 430 g)<br />
Recuento de hilos: personalizable<br />
Estilo: Estilo largo<br />
Tamaño del patrón: Largo 9 cm (3,54 pulgadas), Ancho 6 cm (2,36 pulgadas)<br />
Uso: Adecuado para prendas, accesorios y diseños personalizados.<br />
Aplicable a: Tanto mujeres como hombres<br />
Lugar de origen: China<br />
Tipo de suministro: Fabricación bajo pedido<br />
Datos del producto: Las medidas de muestra se basan en patrones específicos y pueden variar según el lote de producción.</h3>
