{"id":2892,"date":"2025-01-08T14:42:46","date_gmt":"2025-01-08T06:42:46","guid":{"rendered":"https:\/\/lydenim.com\/?post_type=product&#038;p=2892"},"modified":"2025-01-08T15:06:33","modified_gmt":"2025-01-08T07:06:33","slug":"bottom-fabric-printing-diverse-patterns-custom-options","status":"publish","type":"product","link":"https:\/\/lydenim.com\/pt\/produto\/impressao-de-tecido-inferior-diversos-padroes-opcoes-personalizadas\/","title":{"rendered":"Impress\u00e3o de tecido inferior \u2013 Padr\u00f5es diversos e op\u00e7\u00f5es personalizadas"},"content":{"rendered":"<h2><strong>Impress\u00e3o de tecido inferior<\/strong> \u00e9 um processo inovador de design t\u00eaxtil que melhora a est\u00e9tica e a funcionalidade do tecido imprimindo padr\u00f5es exclusivos em sua parte inferior.<\/h2>\n<ul>\n<li>\n<h2><strong>Diversas op\u00e7\u00f5es de padr\u00f5es<\/strong>: Suporta formas geom\u00e9tricas, texturas florais, designs abstratos ou logotipos de marcas para atender a diversas necessidades.<\/h2>\n<\/li>\n<li>\n<h2><strong>Aplic\u00e1vel a v\u00e1rios materiais<\/strong>: Compat\u00edvel com algod\u00e3o, misturas de poli\u00e9ster, jeans e muito mais, garantindo cores vibrantes e dur\u00e1veis.<\/h2>\n<\/li>\n<li>\n<h2><strong>Processo Ecol\u00f3gico<\/strong>: Utiliza corantes ecol\u00f3gicos e t\u00e9cnicas precisas para fornecer impress\u00f5es de alta resolu\u00e7\u00e3o, mantendo a maciez e o conforto do tecido.<\/h2>\n<\/li>\n<li>\n<h2><strong>Cen\u00e1rios de ampla aplica\u00e7\u00e3o<\/strong>:De vestu\u00e1rio a t\u00eaxteis para o lar, bem como tecidos funcionais, como roupas de trabalho ou roupas para atividades ao ar livre.<\/h2>\n<\/li>\n<\/ul>\n<h2>Tamb\u00e9m oferecemos servi\u00e7os de personaliza\u00e7\u00e3o, criando padr\u00f5es e cores exclusivos com base em suas necessidades espec\u00edficas para agregar valor \u00fanico aos seus produtos.<\/h2>","protected":false},"excerpt":{"rendered":"<p><strong>Impress\u00e3o de tecido inferior<\/strong> \u00e9 um processo inovador de design t\u00eaxtil que melhora a est\u00e9tica e a funcionalidade do tecido imprimindo padr\u00f5es exclusivos em sua parte inferior.<\/p>\n<ul>\n<li><strong>Diversas op\u00e7\u00f5es de padr\u00f5es<\/strong>: Suporta formas geom\u00e9tricas, texturas florais, designs abstratos ou logotipos de marcas para atender a diversas necessidades.<\/li>\n<li><strong>Aplic\u00e1vel a v\u00e1rios materiais<\/strong>: Compat\u00edvel com algod\u00e3o, misturas de poli\u00e9ster, jeans e muito mais, garantindo cores vibrantes e dur\u00e1veis.<\/li>\n<li><strong>Processo Ecol\u00f3gico<\/strong>: Utiliza corantes ecol\u00f3gicos e t\u00e9cnicas precisas para fornecer impress\u00f5es de alta resolu\u00e7\u00e3o, mantendo a maciez e o conforto do tecido.<\/li>\n<li><strong>Cen\u00e1rios de ampla aplica\u00e7\u00e3o<\/strong>:De vestu\u00e1rio a t\u00eaxteis para o lar, bem como tecidos funcionais, como roupas de trabalho ou roupas para atividades ao ar livre.<\/li>\n<\/ul>\n<p>Tamb\u00e9m oferecemos servi\u00e7os de personaliza\u00e7\u00e3o, criando padr\u00f5es e cores exclusivos com base em suas necessidades espec\u00edficas para agregar valor \u00fanico aos seus produtos.<\/p>","protected":false},"featured_media":2902,"template":"","meta":[],"product_brand":[],"product_cat":[48,41,55,49,42,56,57,50,43,45,38,52,39,53,46,40,54,47,20,30,31,36,33,44,37,51,34,58],"product_tag":[],"class_list":{"0":"post-2892","1":"product","2":"type-product","3":"status-publish","4":"has-post-thumbnail","6":"product_cat-10s-oe","7":"product_cat-10s","8":"product_cat-10s-spuer-siro","9":"product_cat-12s-oe","10":"product_cat-12s","11":"product_cat-12s-spuer-siro","12":"product_cat-16s-spuer-siro","13":"product_cat-16s-oe","14":"product_cat-16s","15":"product_cat-6s-oe","16":"product_cat-6s","17":"product_cat-6s-spuer-siro","18":"product_cat-7s","19":"product_cat-7s-spuer-siro","20":"product_cat-7s-oe","21":"product_cat-8s","22":"product_cat-8s-spuer-siro","23":"product_cat-8s-oe","24":"product_cat-cotton-woven-fabric","25":"product_cat-cotton-polyster-spandex-denim-fabric","26":"product_cat-high-stretch-denim-fabric","27":"product_cat-knit-fabric","28":"product_cat-non-elastic","29":"product_cat-oe","30":"product_cat-siro","31":"product_cat-spuer-siro","32":"product_cat-twill-fabric","33":"product_cat-ungrouped","35":"first","36":"instock","37":"shipping-taxable","38":"product-type-simple"},"aioseo_notices":[],"_links":{"self":[{"href":"https:\/\/lydenim.com\/pt\/wp-json\/wp\/v2\/product\/2892","targetHints":{"allow":["GET"]}}],"collection":[{"href":"https:\/\/lydenim.com\/pt\/wp-json\/wp\/v2\/product"}],"about":[{"href":"https:\/\/lydenim.com\/pt\/wp-json\/wp\/v2\/types\/product"}],"version-history":[{"count":2,"href":"https:\/\/lydenim.com\/pt\/wp-json\/wp\/v2\/product\/2892\/revisions"}],"predecessor-version":[{"id":2907,"href":"https:\/\/lydenim.com\/pt\/wp-json\/wp\/v2\/product\/2892\/revisions\/2907"}],"wp:featuredmedia":[{"embeddable":true,"href":"https:\/\/lydenim.com\/pt\/wp-json\/wp\/v2\/media\/2902"}],"wp:attachment":[{"href":"https:\/\/lydenim.com\/pt\/wp-json\/wp\/v2\/media?parent=2892"}],"wp:term":[{"taxonomy":"product_brand","embeddable":true,"href":"https:\/\/lydenim.com\/pt\/wp-json\/wp\/v2\/product_brand?post=2892"},{"taxonomy":"product_cat","embeddable":true,"href":"https:\/\/lydenim.com\/pt\/wp-json\/wp\/v2\/product_cat?post=2892"},{"taxonomy":"product_tag","embeddable":true,"href":"https:\/\/lydenim.com\/pt\/wp-json\/wp\/v2\/product_tag?post=2892"}],"curies":[{"name":"wp","href":"https:\/\/api.w.org\/{rel}","templated":true}]}}

Impressão de tecido inferior – Padrões diversos e opções personalizadas

<h2><strong>Impressão de tecido inferior</strong> é um processo inovador de design têxtil que melhora a estética e a funcionalidade do tecido imprimindo padrões exclusivos em sua parte inferior.</h2>
<ul>
<li>
<h2><strong>Diversas opções de padrões</strong>: Suporta formas geométricas, texturas florais, designs abstratos ou logotipos de marcas para atender a diversas necessidades.</h2>
</li>
<li>
<h2><strong>Aplicável a vários materiais</strong>: Compatível com algodão, misturas de poliéster, jeans e muito mais, garantindo cores vibrantes e duráveis.</h2>
</li>
<li>
<h2><strong>Processo Ecológico</strong>: Utiliza corantes ecológicos e técnicas precisas para fornecer impressões de alta resolução, mantendo a maciez e o conforto do tecido.</h2>
</li>
<li>
<h2><strong>Cenários de ampla aplicação</strong>:De vestuário a têxteis para o lar, bem como tecidos funcionais, como roupas de trabalho ou roupas para atividades ao ar livre.</h2>
</li>
</ul>
<h2>Também oferecemos serviços de personalização, criando padrões e cores exclusivos com base em suas necessidades específicas para agregar valor único aos seus produtos.</h2>

<p><strong>Impressão de tecido inferior</strong> é um processo inovador de design têxtil que melhora a estética e a funcionalidade do tecido imprimindo padrões exclusivos em sua parte inferior.</p>
<ul>
<li><strong>Diversas opções de padrões</strong>: Suporta formas geométricas, texturas florais, designs abstratos ou logotipos de marcas para atender a diversas necessidades.</li>
<li><strong>Aplicável a vários materiais</strong>: Compatível com algodão, misturas de poliéster, jeans e muito mais, garantindo cores vibrantes e duráveis.</li>
<li><strong>Processo Ecológico</strong>: Utiliza corantes ecológicos e técnicas precisas para fornecer impressões de alta resolução, mantendo a maciez e o conforto do tecido.</li>
<li><strong>Cenários de ampla aplicação</strong>:De vestuário a têxteis para o lar, bem como tecidos funcionais, como roupas de trabalho ou roupas para atividades ao ar livre.</li>
</ul>
<p>Também oferecemos serviços de personalização, criando padrões e cores exclusivos com base em suas necessidades específicas para agregar valor único aos seus produtos.</p>
